2 + 8*l - 3. Let z = 27 + -12. Calculate the remainder when z is divided by p(6).
6
Let w(u) = u**2 + 4. Let z be w(0). Suppose 11 + 5 = z*j. Suppose -j*q = -3*k - 38, 3*q - 22 = -q - 5*k. Calculate the remainder when 14 is divided by q.
6
Suppose -2*x + 8 = -2*d + 2*x, -49 = -4*d - 5*x. Suppose -s = s - 22. Calculate the remainder when s is divided by d.
5
Let p(j) be the third derivative of -5*j**4/24 - j**3/3 + 6*j**2. What is the remainder when p(-4) is divided by 5?
3
Let u = 31 - 18. What is the remainder when u is divided by 4?
1
Suppose -v - 5 = -6*v. Let j = -17 - -18. Let r = 1 + j. Calculate the remainder when r is divided by v.
0
Suppose 33 = 5*h - 67. What is the remainder when 116 is divided by h?
16
Suppose m = -3*y + 32, -3*m + 3*y + 0*y + 108 = 0. Calculate the remainder when 103 is divided by m.
33
Suppose -2*m + 125 - 79 = 0. What is the remainder when 78 is divided by m?
9
Let u(d) = 21*d - 5. What is the remainder when u(2) is divided by 21?
16
Let w = -4 + 3. Calculate the remainder when w + (-118)/6*-3 is divided by 15.
13
Calculate the remainder when (-141)/(-6)*2*1 is divided by 13.
8
Let h(k) be the third derivative of k**5/60 + k**4/24 + k**3/3 - k**2. Calculate the remainder when h(5) is divided by (0 - -10) + 1 + 0.
10
Suppose n + 2 = 2*w - n, w + 3*n = 5. Suppose -w*a + 5*a = -12. Let i(v) = -4*v - 5. What is the remainder when 31 is divided by i(a)?
9
Suppose 0 = -3*m + m + 12. Let p(a) = -a**2 + 10*a - 2. What is the remainder when 2/m - 238/(-6) is divided by p(8)?
12
Suppose 35 + 4 = u + w, -4*u + 5*w = -192. Calculate the remainder when u is divided by 8.
3
Suppose 0 = 3*c - 8*c + 175. Calculate the remainder when 68 is divided by c.
33
What is the remainder when 115 is divided by ((-3)/(-3))/1*29?
28
Let i = -17 - -44. Calculate the remainder when 4 is divided by i/12 + (-2)/8.
0
Let z(y) = y - 2*y**2 + 15 - y**3 - 15. What is the remainder when z(-4) is divided by 15?
13
Let g(y) = -27*y**2 + 4*y + 3. Let v(z) = -26*z**2 + 5*z + 4. Let d(f) = -5*g(f) + 4*v(f). Calculate the remainder when d(-1) is divided by 17.
15
Suppose 9 = -2*y + 3*d, -2*y + 6*y - d = 7. Let b(n) = 3*n + 5. What is the remainder when 39 is divided by b(y)?
11
What is the remainder when 22 is divided by (-58)/(-7) - 4/14?
6
Suppose 3*j - 27 = -0*j. Let q = j - -5. What is the remainder when q is divided by 5?
4
Suppose 225 = -5*p + 10*p. Calculate the remainder when p is divided by 16.
13
Let i(d) = -d + 8. Let f be i(0). Let z = 5 - f. What is the remainder when 42 is divided by 21 + 3 + 1 + z?
20
Suppose 5*o - 5*g = -0*o + 110, -5*o - 4*g = -155. Calculate the remainder when o is divided by 10.
7
Let g(q) = -15*q**2 - q. Let j be g(1). Let s = j + 29. What is the remainder when 37 is divided by s?
11
Let b(v) = 4*v + 5. Let k be b(7). Suppose q + k = 4*q. What is the remainder when q is divided by 6?
5
Suppose -n = 1 - 3. Suppose n*p + 34 = 4*p. Calculate the remainder when p is divided by 9.
8
Let h = 19 + -19. Suppose h = o - 16 - 22. What is the remainder when o is divided by 10?
8
What is the remainder when (1 - -17) + 1*(0 + 1) is divided by 11?
8
Let a(l) = l**3 + 7*l**2 + 4. Let n(z) = -z**3 + 12*z**2 - 12*z + 7. Let i be n(11). Calculate the remainder when a(i) is divided by 18.
16
Suppose -4*v = -3*g + 22, 0 = -5*g + 2*v + 3*v + 35. What is the remainder when g/(-4) + 154/4 is divided by 13?
11
What is the remainder when 32 is divided by 2/15 - (-534)/45?
8
Calculate the remainder when 552/11 + 22/(-121) + 1 is divided by 6.
3
Let x = 8 + 49. Calculate the remainder when x is divided by 10.
7
Suppose -5*x + 245 = -2*r, 2*x = 6*x - r - 196. Calculate the remainder when x is divided by 26.
23
Let k be -3*(3 - (-122)/(-6)). Suppose m = -m + k. Calculate the remainder when m is divided by 9.
8
Suppose -f = 2, -2*g - 25 + 71 = -5*f. Calculate the remainder when 69 is divided by g.
15
Suppose -10*p - 3 = -11*p. Suppose 5*z - p*z - 42 = 0. Calculate the remainder when 41 is divided by z.
20
Suppose 0 = -3*f + m - 8 + 26, m + 30 = 5*f. Let d(c) = -c**3 + 7*c**2 + 11*c - 8. Let b = 11 - 3. Calculate the remainder when d(b) is divided by f.
4
Let s be 6/((-9)/(-42) - 0). Let a = 41 - s. Let m = 1 + 4. Calculate the remainder when a is divided by m.
3
Let c(y) be the second derivative of -y**5/20 - y**4/2 - y**3/6 + 7*y**2/2 - 3*y. What is the remainder when c(-6) is divided by 7?
6
Let y(p) be the second derivative of p**4/12 - p**3 + 5*p**2/2 - p. Calculate the remainder when y(8) is divided by 90/8 + 3/(-12).
10
Suppose 43 = 2*t + d, 5*d = 3*t - 25 - 33. Calculate the remainder when 61 is divided by t.
19
Let w = 30 + 17. Suppose -5*q - 3*m + 63 = 0, 5*q - 5*m = -2*m + 57. What is the remainder when w is divided by q?
11
Suppose y - 88 = -3*y. What is the remainder when 64 is divided by y?
20
Let l = 135 + -74. What is the remainder when l is divided by 21?
19
Calculate the remainder when ((-1)/3)/(8/(-912)) is divided by 20.
18
Calculate the remainder when 3/(-2)*2*-18 is divided by 19.
16
Let j(g) = 10*g**2 - g - 4. Let h = -14 + 35. Calculate the remainder when j(3) is divided by h.
20
Suppose -5*h + 64 = 5*u - 36, 85 = 5*u + 2*h. Calculate the remainder when u is divided by ((-6)/4)/(6/(-16)).
3
Let n = -2 - -3. Calculate the remainder when 38 is divided by n - 1/((-2)/24).
12
Let a(s) = s + 2. Let c be a(-7). Let q = c - -5. Suppose q = 5*n - 5 - 20. Calculate the remainder when n is divided by 3.
2
Let b(o) = o**2 + 7*o + 8. Let t be b(-6). Let c = 2 + t. Suppose -3*u = c*v - 17, -v + 3*u = 6*u - 2. Calculate the remainder when 8 is divided by v.
3
Suppose -4 - 6 = -2*r. Suppose -r*h = -0*h - 130. Calculate the remainder when h is divided by 9.
8
Let u = -531 + 537. Calculate the remainder when 47/3 - 2/3 is divided by u.
3
What is the remainder when 17/(-34)*(0 - 26) is divided by 9?
4
Suppose -3*u = 5*i + 94, 4*i - 5*u = -10 - 80. Let a be (-2)/(-5) + (-112)/i. Suppose -3*f + 15 = -a. What is the remainder when 20 is divided by f?
6
Suppose 163 = 4*r - d, 230 - 23 = 5*r + 2*d. What is the remainder when r is divided by -1*(-21)/((-1)/(-1))?
20
Suppose -70 + 5 = -4*h - 3*g, -4*h + 5*g + 73 = 0. Calculate the remainder when 30 is divided by h.
13
Let x(n) = 13*n + 2. Let j be x(3). Let w = j - -6. Suppose 3*g - 64 = -g. Calculate the remainder when w is divided by g.
15
Calculate the remainder when 166/10 - (-2)/5 is divided by 1 + 0 + 88/11.
8
Let g = 2 + -48. Let y = g + 65. Calculate the remainder when 0 - (7 - 129/3) is divided by y.
17
Calculate the remainder when 105 is divided by 4/6 - (164/(-6) - -1).
24
Let t(a) = -3*a + 28*a**3 + 0 + 5*a - 1. What is the remainder when t(1) is divided by 16?
13
Suppose 3*y + y = 92. Suppose 4*t - 32 = -0*t. Let s = t + 4. What is the remainder when y is divided by s?
11
What is the remainder when (-196)/(-6) + 5/15 is divided by 7 + (-3 - -5) + 0?
6
Suppose -t + 316 = -5*o, -5*o + 3*t - 194 = 114. Let k = o + 117. What is the remainder when k is divided by 14?
11
Suppose n - 17 = -4. Suppose -4*z = 2*b - 10, 2*b - 36 = -3*b + z. Calculate the remainder when n is divided by b.
6
Suppose t = -0*t - 4. Suppose -12 = -2*z + 18. Calculate the remainder when z is divided by 5 - t/2 - -1.
7
Let q = 1 - -2. Suppose 40 = -g + q*g. Suppose 0 = -4*i + k + 48 + 107, -4*k = 12. What is the remainder when i is divided by g?
18
Suppose 0 = 8*w - 3*w - 50. Let y be (6/(-9))/((-8)/36). Suppose -2*i = -y*k + 77, 3*i - 73 = -2*k - 0*k. What is the remainder when k is divided by w?
9
What is the remainder when 22 is divided by (-81)/(-5) - (-2)/(-10)?
6
Let q be 2/(-8) - (-147)/12. Let o = 2 + q. What is the remainder when (1 - -2)/(9/78) is divided by o?
12
Let d = -7 - -23. What is the remainder when 47 is divided by d?
15
Suppose 4*l = -l + 3*k + 194, -2*l + k = -78. Suppose 3*d - 12 = -c, -5*c + 3*d = -2*d - l. Calculate the remainder when c is divided by 3.
0
Let c = -12 + 20. Let z = -25 + 38. What is the remainder when z is divided by c?
5
Calculate the remainder when 107 is divided by 10/(-4)*288/(-40).
17
Suppose -4*v - 2*s = -8, -5*v + 2*s + 17 = s. Let u(r) = r**3 + 4*r**2 - 6*r. Let d = -12 - -7. What is the remainder when u(d) is divided by v?
2
Let s be (5 + -4)/(3/(-18)). Calculate the